{"id":1648,"date":"2021-03-16T21:16:12","date_gmt":"2021-03-17T00:16:12","guid":{"rendered":"http:\/\/haefligerelorandi.adv.br\/?page_id=1648"},"modified":"2021-03-22T21:59:10","modified_gmt":"2021-03-23T00:59:10","slug":"atuacao","status":"publish","type":"page","link":"https:\/\/haefligerelorandi.adv.br\/index.php\/atuacao\/","title":{"rendered":"Atuacao"},"content":{"rendered":"<p>[vc_row full_width=&#8221;stretch_row&#8221; css=&#8221;.vc_custom_1615940226632{margin-top: 0px !important;margin-bottom: 0px !important;padding-top: 70px !important;padding-bottom: 20px !important;background-color: #ffffff !important;}&#8221;][vc_column css=&#8221;.vc_custom_1496743058962{padding-top: 0px !important;padding-bottom: 0px !important;}&#8221;][vc_custom_heading text=&#8221;\u00c1reas de Atua\u00e7\u00e3o&#8221; font_container=&#8221;tag:h1|text_align:center&#8221; use_theme_fonts=&#8221;yes&#8221; css=&#8221;.vc_custom_1615940164444{margin-top: 0px !important;margin-bottom: 20px !important;padding-top: 0px !important;padding-bottom: 0px !important;}&#8221;][vc_single_image image=&#8221;1323&#8243; img_size=&#8221;full&#8221; alignment=&#8221;center&#8221; css=&#8221;.vc_custom_1513055746746{margin-top: 0px !important;margin-bottom: 0px !important;padding-top: 0px !important;padding-bottom: 0px !important;}&#8221;][vc_column_text css=&#8221;.vc_custom_1616461147857{margin-top: 0px !important;margin-bottom: 0px !important;}&#8221; el_class=&#8221;home-welcome-text&#8221;]<\/p>\n<p style=\"text-align: center;\">Com experi\u00eancia jur\u00eddica de quase uma d\u00e9cada de atua\u00e7\u00e3o nas \u00e1reas: c\u00edvel, trabalhista e com \u00eanfase na \u00e1rea previdenci\u00e1ria, nosso escrit\u00f3rio trabalha com profissionais especializados, atuando com transpar\u00eancia e comprometimento, a fim de garantir o melhor resultado para os nossos clientes.<\/p>\n<p>[\/vc_column_text][\/vc_column][\/vc_row][vc_row full_width=&#8221;stretch_row_content_no_spaces&#8221; disable_element=&#8221;yes&#8221; css=&#8221;.vc_custom_1615939205477{margin-top: 0px !important;margin-bottom: 0px !important;padding-top: 0px !important;padding-bottom: 0px !important;background-color: #f8f8f8 !important;}&#8221;][vc_column width=&#8221;1\/2&#8243; css=&#8221;.vc_custom_1497244080415{margin-top: 0px !important;margin-bottom: 0px !important;padding-top: 0px !important;padding-right: 0px !important;padding-bottom: 0px !important;padding-left: 0px !important;}&#8221;][vc_single_image image=&#8221;1421&#8243; img_size=&#8221;full&#8221; alignment=&#8221;right&#8221; css=&#8221;.vc_custom_1513056081069{margin-top: 0px !important;margin-bottom: 0px !important;}&#8221;][\/vc_column][vc_column width=&#8221;1\/2&#8243; css=&#8221;.vc_custom_1513056479926{margin-top: 0px !important;margin-bottom: 0px !important;padding-top: 68px !important;padding-right: 30px !important;padding-bottom: 56px !important;padding-left: 30px !important;}&#8221;][vc_custom_heading text=&#8221;Meet Jhon T. Peskin&#8221; font_container=&#8221;tag:h3|font_size:30px|text_align:left|line_height:40px&#8221; use_theme_fonts=&#8221;yes&#8221; css=&#8221;.vc_custom_1513056099777{margin-top: 0px !important;margin-bottom: 30px !important;}&#8221;][vc_column_text css=&#8221;.vc_custom_1513056161733{margin-top: 0px !important;margin-bottom: 0px !important;}&#8221; el_class=&#8221;home-welcome-text about-bio-section pull-left&#8221;]<\/p>\n<p style=\"text-align: left;\">Lorem ipsum dolor sit amet, consectetur adipiscing elit, sed do eiusmod tempor incididunt ut labore et dolore magna aliqua. Ut enim ad minim veniam, quis nostrud exercitation ullamco laboris nisi ut aliquip ex ea commodo consequat. Duis aute irure dolor in reprehenderit in voluptate<\/p>\n<p>velit esse cillum dolore eu fugiat nulla pariatur.<\/p>\n<p>Excepteur sint occaecat cupidatat non proident, sunt in culpa qui officia deserunt mollit anim id est laborum.<\/p>\n<p>On the other hand, we denounce with righteous indignation and dislike men who are so beguiled and demoralized by the charms of pleasure of the moment.[\/vc_column_text][\/vc_column][\/vc_row][vc_row full_width=&#8221;stretch_row_content_no_spaces&#8221; disable_element=&#8221;yes&#8221; css=&#8221;.vc_custom_1615939212802{margin-top: 0px !important;margin-bottom: 0px !important;padding-top: 0px !important;padding-bottom: 0px !important;background-color: #f8f8f8 !important;}&#8221;][vc_column width=&#8221;1\/2&#8243; css=&#8221;.vc_custom_1497245879843{margin-top: 0px !important;margin-bottom: 0px !important;padding-top: 0px !important;padding-right: 0px !important;padding-bottom: 0px !important;padding-left: 0px !important;}&#8221; el_class=&#8221;pull-right&#8221;][vc_single_image image=&#8221;1423&#8243; img_size=&#8221;full&#8221; css=&#8221;.vc_custom_1513056230026{margin-top: 0px !important;margin-bottom: 0px !important;}&#8221;][\/vc_column][vc_column width=&#8221;1\/2&#8243; css=&#8221;.vc_custom_1497245888448{margin-top: 0px !important;margin-bottom: 0px !important;padding-top: 70px !important;padding-right: 30px !important;padding-bottom: 70px !important;padding-left: 30px !important;}&#8221; el_class=&#8221;pull-left&#8221;][vc_custom_heading text=&#8221;Meet Stephan H. Peskin&#8221; font_container=&#8221;tag:h3|font_size:30px|text_align:right|line_height:40px&#8221; use_theme_fonts=&#8221;yes&#8221; css=&#8221;.vc_custom_1513056255066{margin-top: 0px !important;margin-bottom: 30px !important;}&#8221;][vc_column_text css=&#8221;.vc_custom_1513056308966{margin-top: 0px !important;margin-bottom: 0px !important;}&#8221; el_class=&#8221;home-welcome-text about-bio-section pull-right&#8221;]<\/p>\n<p style=\"text-align: right;\">Lorem ipsum dolor sit amet, consectetur adipiscing elit, sed do eiusmod tempor incididunt ut labore et dolore magna aliqua. Ut enim ad minim veniam, quis nostrud exercitation ullamco laboris nisi ut aliquip ex ea commodo consequat. Duis aute irure dolor in reprehenderit in voluptate<\/p>\n<p style=\"text-align: right;\">velit esse cillum dolore eu fugiat nulla pariatur.<\/p>\n<p style=\"text-align: right;\">Excepteur sint occaecat cupidatat non proident, sunt in culpa qui officia deserunt mollit anim id est laborum.<\/p>\n<p style=\"text-align: right;\">On the other hand, we denounce with righteous indignation and dislike men who are so beguiled and demoralized by the charms of pleasure of the moment.<\/p>\n<p>[\/vc_column_text][\/vc_column][\/vc_row][vc_row full_width=&#8221;stretch_row&#8221; disable_element=&#8221;yes&#8221; css=&#8221;.vc_custom_1615939407735{margin-top: 0px !important;margin-bottom: 0px !important;padding-top: 70px !important;padding-bottom: 30px !important;background-color: #ffffff !important;}&#8221;][vc_column width=&#8221;5\/12&#8243; css=&#8221;.vc_custom_1497246150369{margin-top: 0px !important;margin-bottom: 40px !important;padding-top: 0px !important;padding-bottom: 0px !important;}&#8221;][vc_row_inner css=&#8221;.vc_custom_1513056529050{margin-top: 0px !important;margin-right: 0px !important;margin-bottom: 0px !important;margin-left: 0px !important;padding-top: 30px !important;padding-right: 30px !important;padding-bottom: 35px !important;padding-left: 30px !important;background-color: #1a202d !important;}&#8221;][vc_column_inner css=&#8221;.vc_custom_1497250448456{padding-top: 0px !important;padding-right: 0px !important;padding-bottom: 0px !important;padding-left: 0px !important;}&#8221;][vc_custom_heading text=&#8221;Our Clients Love Us&#8221; font_container=&#8221;tag:h4|font_size:20px|text_align:left|color:%23f8d065&#8243; use_theme_fonts=&#8221;yes&#8221; css=&#8221;.vc_custom_1513056547799{margin-top: 0px !important;margin-bottom: 25px !important;}&#8221;][vc_column_text el_class=&#8221;home-welcome-text white&#8221; css=&#8221;.vc_custom_1513056560726{margin-top: 0px !important;margin-bottom: 20px !important;}&#8221;]<\/p>\n<blockquote><p>Lorem ipsum dolor sit amet, consectetur adipiscing elit, sed do eiusmod tempor incididunt ut labore et dolore magna aliqua. Ut enim ad minim veniam, quis nostrud exercitation ullamco laboris nisi ut aliquip.<\/p><\/blockquote>\n<p>[\/vc_column_text][vc_custom_heading text=&#8221;- Michaela Lobel (Google Review)&#8221; font_container=&#8221;tag:h6|font_size:16px|text_align:right|color:%23f8d065|line_height:23px&#8221; google_fonts=&#8221;font_family:Bitter%3Aregular%2Citalic%2C700|font_style:400%20regular%3A400%3Anormal&#8221; css=&#8221;.vc_custom_1513057200756{margin-top: 0px !important;margin-bottom: 0px !important;}&#8221;][\/vc_column_inner][\/vc_row_inner][\/vc_column][vc_column width=&#8221;7\/12&#8243; css=&#8221;.vc_custom_1497246157072{margin-top: 0px !important;margin-bottom: 40px !important;padding-top: 0px !important;padding-bottom: 0px !important;}&#8221;][vc_custom_heading text=&#8221;Tolmage, Peskin, Harris, Falick&#8221; font_container=&#8221;tag:h3|text_align:left|color:%23161922&#8243; use_theme_fonts=&#8221;yes&#8221; css=&#8221;.vc_custom_1513057319690{margin-top: 0px !important;margin-bottom: 20px !important;}&#8221;][vc_column_text css=&#8221;.vc_custom_1513057346617{margin-top: 0px !important;margin-bottom: 0px !important;}&#8221; el_class=&#8221;home-welcome-text&#8221;]Lorem ipsum dolor sit amet, consectetur adipiscing elit, sed do eiusmod tempor incididunt ut labore et dolore magna aliqua. Ut enim ad minim veniam, quis nostrud exercitation ullamco laboris nisi ut aliquip ex ea commodo consequat.<\/p>\n<p>Duis aute irure dolor in reprehenderit in voluptate velit esse cillum dolore eu fugiat nulla pariatur. Excepteur sint occaecat cupidatat non proident,<\/p>\n<p><span style=\"color: #212121;\"><strong>Lorem ipsum dolor sit amet, consectetur adipiscing elit, sed do eiusmod tempor incididunt ut labore et dolore magna aliqua.<\/strong><\/span>[\/vc_column_text][\/vc_column][\/vc_row][vc_row full_width=&#8221;stretch_row&#8221; disable_element=&#8221;yes&#8221; css=&#8221;.vc_custom_1615939415688{margin-bottom: 70px !important;border-top-width: 1px !important;border-bottom-width: 1px !important;padding-top: 65px !important;padding-bottom: 55px !important;border-top-color: #ebebeb !important;border-bottom-color: #ebebeb !important;}&#8221;][vc_column css=&#8221;.vc_custom_1513057544555{margin-top: 0px !important;margin-bottom: 0px !important;padding-top: 0px !important;padding-bottom: 0px !important;}&#8221;][vc_custom_heading text=&#8221;THEY TRUST US&#8221; font_container=&#8221;tag:h4|font_size:14px|text_align:center|color:%230f1118|line_height:23px&#8221; google_fonts=&#8221;font_family:Montserrat%3Aregular%2C700|font_style:700%20bold%20regular%3A700%3Anormal&#8221; css=&#8221;.vc_custom_1513057750106{margin-top: 0px !important;margin-bottom: 10px !important;padding-top: 0px !important;padding-bottom: 0px !important;}&#8221;][vc_custom_heading text=&#8221;Our Clients&#8221; font_container=&#8221;tag:h3|font_size:30px|text_align:center|line_height:30px&#8221; use_theme_fonts=&#8221;yes&#8221; css=&#8221;.vc_custom_1513057687733{margin-top: 0px !important;margin-bottom: 0px !important;padding-top: 0px !important;padding-bottom: 0px !important;}&#8221;][vc_row_inner css=&#8221;.vc_custom_1513073374834{margin-top: 18px !important;margin-bottom: 35px !important;padding-top: 0px !important;padding-bottom: 0px !important;}&#8221;][vc_column_inner width=&#8221;1\/12&#8243;][\/vc_column_inner][vc_column_inner width=&#8221;5\/6&#8243;][vc_column_text css=&#8221;.vc_custom_1513057849403{margin-top: 0px !important;margin-bottom: 0px !important;padding-top: 0px !important;padding-bottom: 0px !important;}&#8221;]<\/p>\n<p style=\"text-align: center;\">Lorem ipsum dolor sit amet, consectetur adipiscing elit, sed do eiusmod tempor incididunt ut labore et dolore magna aliqua. Ut enim ad minim veniam, quis nostrud exercitation ullamco<\/p>\n<p>[\/vc_column_text][\/vc_column_inner][vc_column_inner width=&#8221;1\/12&#8243;][\/vc_column_inner][\/vc_row_inner]<div class=\"clients owl-carousel element-one owl-nav-style-one owl-dot-style-one \"  data-owl-nav=\"false\" data-owl-dots=\"false\" data-owl-loop=\"true\" data-owl-autoplay=\"true\" data-owl-autoplay-timeout=\"6\" data-owl-mobile-items=\"1\" data-owl-tab-items=\"5\" data-owl-desktop-items=\"5\"><div class=\"clients-item\"><!-- clients-item --><div class=\"clients-item\"><div class=\"holder matchHeight\"><div class=\"table\"><div class=\"table-cell\"><div class=\"pic\"><img loading=\"lazy\" decoding=\"async\" width=\"100\" height=\"84\" src=\"https:\/\/haefligerelorandi.adv.br\/wp-content\/uploads\/2017\/12\/clients-image-07.png\" class=\"attachment-post-thumbnail size-post-thumbnail wp-post-image\" alt=\"Clients\" \/><\/div><\/div><\/div><\/div><\/div><!-- clients-item --><\/div><div class=\"clients-item\"><!-- clients-item --><div class=\"clients-item\"><div class=\"holder matchHeight\"><div class=\"table\"><div class=\"table-cell\"><div class=\"pic\"><img loading=\"lazy\" decoding=\"async\" width=\"156\" height=\"63\" src=\"https:\/\/haefligerelorandi.adv.br\/wp-content\/uploads\/2017\/12\/clients-image-06.png\" class=\"attachment-post-thumbnail size-post-thumbnail wp-post-image\" alt=\"Clients\" \/><\/div><\/div><\/div><\/div><\/div><!-- clients-item --><\/div><div class=\"clients-item\"><!-- clients-item --><div class=\"clients-item\"><div class=\"holder matchHeight\"><div class=\"table\"><div class=\"table-cell\"><div class=\"pic\"><img loading=\"lazy\" decoding=\"async\" width=\"141\" height=\"57\" src=\"https:\/\/haefligerelorandi.adv.br\/wp-content\/uploads\/2017\/12\/clients-image-05.png\" class=\"attachment-post-thumbnail size-post-thumbnail wp-post-image\" alt=\"Clients\" \/><\/div><\/div><\/div><\/div><\/div><!-- clients-item --><\/div><div class=\"clients-item\"><!-- clients-item --><div class=\"clients-item\"><div class=\"holder matchHeight\"><div class=\"table\"><div class=\"table-cell\"><div class=\"pic\"><img loading=\"lazy\" decoding=\"async\" width=\"157\" height=\"74\" src=\"https:\/\/haefligerelorandi.adv.br\/wp-content\/uploads\/2017\/12\/clients-image-04.png\" class=\"attachment-post-thumbnail size-post-thumbnail wp-post-image\" alt=\"Clients\" \/><\/div><\/div><\/div><\/div><\/div><!-- clients-item --><\/div><div class=\"clients-item\"><!-- clients-item --><div class=\"clients-item\"><div class=\"holder matchHeight\"><div class=\"table\"><div class=\"table-cell\"><div class=\"pic\"><img loading=\"lazy\" decoding=\"async\" width=\"102\" height=\"79\" src=\"https:\/\/haefligerelorandi.adv.br\/wp-content\/uploads\/2017\/12\/clients-image-03.png\" class=\"attachment-post-thumbnail size-post-thumbnail wp-post-image\" alt=\"Clients\" \/><\/div><\/div><\/div><\/div><\/div><!-- clients-item --><\/div><div class=\"clients-item\"><!-- clients-item --><div class=\"clients-item\"><div class=\"holder matchHeight\"><div class=\"table\"><div class=\"table-cell\"><div class=\"pic\"><img loading=\"lazy\" decoding=\"async\" width=\"100\" height=\"84\" src=\"https:\/\/haefligerelorandi.adv.br\/wp-content\/uploads\/2017\/12\/clients-image-02.png\" class=\"attachment-post-thumbnail size-post-thumbnail wp-post-image\" alt=\"clients\" \/><\/div><\/div><\/div><\/div><\/div><!-- clients-item --><\/div><div class=\"clients-item\"><!-- clients-item --><div class=\"clients-item\"><div class=\"holder matchHeight\"><div class=\"table\"><div class=\"table-cell\"><div class=\"pic\"><img loading=\"lazy\" decoding=\"async\" width=\"156\" height=\"63\" src=\"https:\/\/haefligerelorandi.adv.br\/wp-content\/uploads\/2017\/12\/clients-image-01.png\" class=\"attachment-post-thumbnail size-post-thumbnail wp-post-image\" alt=\"clients\" \/><\/div><\/div><\/div><\/div><\/div><!-- clients-item --><\/div><\/div>[\/vc_column][\/vc_row][vc_row css=&#8221;.vc_custom_1615939497843{padding-bottom: 40px !important;}&#8221;][vc_column]<!-- areas-of-practise -->\n                        <div class=\"row areas-of-practise home-concept-one \" ><div class=\"col-lg-6 col-md-6 col-sm-6 col-xs-12\">\n\t\t\t\t\t\t\t\t\t\t\t<!-- areas-of-practise-item -->\n\t\t\t\t\t\t\t\t\t\t\t<div class=\"areas-of-practise-item matchHeight\">\n\t\t\t\t\t\t\t\t\t\t\t\t<div class=\"holder\">\n\t\t\t\t\t\t\t\t\t\t\t\t\t<div class=\"row\">\n\t\t\t\t\t\t\t\t\t\t\t\t\t\t<div class=\"col-lg-6 col-md-6 col-sm-12 col-xs-12\">\n\t\t\t\t\t\t\t\t\t\t\t\t\t\t\t<div class=\"pic\"><img loading=\"lazy\" decoding=\"async\" width=\"1501\" height=\"1242\" src=\"https:\/\/haefligerelorandi.adv.br\/wp-content\/uploads\/2017\/06\/consumidor.jpg\" class=\"attachment-post-thumbnail size-post-thumbnail wp-post-image\" alt=\"\" srcset=\"https:\/\/haefligerelorandi.adv.br\/wp-content\/uploads\/2017\/06\/consumidor.jpg 1501w, https:\/\/haefligerelorandi.adv.br\/wp-content\/uploads\/2017\/06\/consumidor-300x248.jpg 300w, https:\/\/haefligerelorandi.adv.br\/wp-content\/uploads\/2017\/06\/consumidor-1024x847.jpg 1024w, https:\/\/haefligerelorandi.adv.br\/wp-content\/uploads\/2017\/06\/consumidor-768x635.jpg 768w\" sizes=\"auto, (max-width: 1501px) 100vw, 1501px\" \/><\/div>\n                                        <\/div>\n                                        <div class=\"col-lg-6 col-md-6 col-sm-12 col-xs-12\">\n                                        <div class=\"data\"><h4>Consumidor<\/h4><p>Atrav\u00e9s da atua\u00e7\u00e3o no Direito do Consumidor, buscamos cuidar dos caso...<\/p><a class=\"btn\"  href=\"https:\/\/haefligerelorandi.adv.br\/index.php\/practice-areas\/consumidor\/\">Read More<\/a> <\/div><!-- areas-of-practise-item -->\n                                        <\/div>\n\t\t\t\t\t\t\t\t\t\t<\/div>\n\t\t\t\t\t\t\t\t\t\t<\/div>\n\t\t\t\t\t\t\t\t\t\t<\/div>\n\t\t\t\t\t\t\t\t\t\t<\/div><div class=\"col-lg-6 col-md-6 col-sm-6 col-xs-12\">\n\t\t\t\t\t\t\t\t\t\t\t<!-- areas-of-practise-item -->\n\t\t\t\t\t\t\t\t\t\t\t<div class=\"areas-of-practise-item matchHeight\">\n\t\t\t\t\t\t\t\t\t\t\t\t<div class=\"holder\">\n\t\t\t\t\t\t\t\t\t\t\t\t\t<div class=\"row\">\n\t\t\t\t\t\t\t\t\t\t\t\t\t\t<div class=\"col-lg-6 col-md-6 col-sm-12 col-xs-12\">\n\t\t\t\t\t\t\t\t\t\t\t\t\t\t\t<div class=\"pic\"><img loading=\"lazy\" decoding=\"async\" width=\"1500\" height=\"1241\" src=\"https:\/\/haefligerelorandi.adv.br\/wp-content\/uploads\/2017\/06\/Family-Law-1.jpg\" class=\"attachment-post-thumbnail size-post-thumbnail wp-post-image\" alt=\"Family\" \/><\/div>\n                                        <\/div>\n                                        <div class=\"col-lg-6 col-md-6 col-sm-12 col-xs-12\">\n                                        <div class=\"data\"><h4>Fam\u00edlia e Sucess\u00f5es<\/h4><p>Atua\u00e7\u00e3o no Direito Civil, principal ramo do direito privado, que englo...<\/p><a class=\"btn\"  href=\"https:\/\/haefligerelorandi.adv.br\/index.php\/practice-areas\/familia-e-sucessoes\/\">Read More<\/a> <\/div><!-- areas-of-practise-item -->\n                                        <\/div>\n\t\t\t\t\t\t\t\t\t\t<\/div>\n\t\t\t\t\t\t\t\t\t\t<\/div>\n\t\t\t\t\t\t\t\t\t\t<\/div>\n\t\t\t\t\t\t\t\t\t\t<\/div><div class=\"col-lg-6 col-md-6 col-sm-6 col-xs-12\">\n\t\t\t\t\t\t\t\t\t\t\t<!-- areas-of-practise-item -->\n\t\t\t\t\t\t\t\t\t\t\t<div class=\"areas-of-practise-item matchHeight\">\n\t\t\t\t\t\t\t\t\t\t\t\t<div class=\"holder\">\n\t\t\t\t\t\t\t\t\t\t\t\t\t<div class=\"row\">\n\t\t\t\t\t\t\t\t\t\t\t\t\t\t<div class=\"col-lg-6 col-md-6 col-sm-12 col-xs-12\">\n\t\t\t\t\t\t\t\t\t\t\t\t\t\t\t<div class=\"pic\"><img loading=\"lazy\" decoding=\"async\" width=\"1501\" height=\"1242\" src=\"https:\/\/haefligerelorandi.adv.br\/wp-content\/uploads\/2017\/06\/previdencia.jpg\" class=\"attachment-post-thumbnail size-post-thumbnail wp-post-image\" alt=\"\" srcset=\"https:\/\/haefligerelorandi.adv.br\/wp-content\/uploads\/2017\/06\/previdencia.jpg 1501w, https:\/\/haefligerelorandi.adv.br\/wp-content\/uploads\/2017\/06\/previdencia-300x248.jpg 300w, https:\/\/haefligerelorandi.adv.br\/wp-content\/uploads\/2017\/06\/previdencia-1024x847.jpg 1024w, https:\/\/haefligerelorandi.adv.br\/wp-content\/uploads\/2017\/06\/previdencia-768x635.jpg 768w\" sizes=\"auto, (max-width: 1501px) 100vw, 1501px\" \/><\/div>\n                                        <\/div>\n                                        <div class=\"col-lg-6 col-md-6 col-sm-12 col-xs-12\">\n                                        <div class=\"data\"><h4>Previdenci\u00e1rio<\/h4><p>Atrav\u00e9s da atua\u00e7\u00e3o no Direito Previdenci\u00e1rio (regulamenta\u00e7\u00e3o da se...<\/p><a class=\"btn\"  href=\"https:\/\/haefligerelorandi.adv.br\/index.php\/practice-areas\/property-law\/\">Read More<\/a> <\/div><!-- areas-of-practise-item -->\n                                        <\/div>\n\t\t\t\t\t\t\t\t\t\t<\/div>\n\t\t\t\t\t\t\t\t\t\t<\/div>\n\t\t\t\t\t\t\t\t\t\t<\/div>\n\t\t\t\t\t\t\t\t\t\t<\/div><div class=\"col-lg-6 col-md-6 col-sm-6 col-xs-12\">\n\t\t\t\t\t\t\t\t\t\t\t<!-- areas-of-practise-item -->\n\t\t\t\t\t\t\t\t\t\t\t<div class=\"areas-of-practise-item matchHeight\">\n\t\t\t\t\t\t\t\t\t\t\t\t<div class=\"holder\">\n\t\t\t\t\t\t\t\t\t\t\t\t\t<div class=\"row\">\n\t\t\t\t\t\t\t\t\t\t\t\t\t\t<div class=\"col-lg-6 col-md-6 col-sm-12 col-xs-12\">\n\t\t\t\t\t\t\t\t\t\t\t\t\t\t\t<div class=\"pic\"><img loading=\"lazy\" decoding=\"async\" width=\"1501\" height=\"1242\" src=\"https:\/\/haefligerelorandi.adv.br\/wp-content\/uploads\/2017\/06\/trabalho.jpg\" class=\"attachment-post-thumbnail size-post-thumbnail wp-post-image\" alt=\"\" srcset=\"https:\/\/haefligerelorandi.adv.br\/wp-content\/uploads\/2017\/06\/trabalho.jpg 1501w, https:\/\/haefligerelorandi.adv.br\/wp-content\/uploads\/2017\/06\/trabalho-300x248.jpg 300w, https:\/\/haefligerelorandi.adv.br\/wp-content\/uploads\/2017\/06\/trabalho-1024x847.jpg 1024w, https:\/\/haefligerelorandi.adv.br\/wp-content\/uploads\/2017\/06\/trabalho-768x635.jpg 768w\" sizes=\"auto, (max-width: 1501px) 100vw, 1501px\" \/><\/div>\n                                        <\/div>\n                                        <div class=\"col-lg-6 col-md-6 col-sm-12 col-xs-12\">\n                                        <div class=\"data\"><h4>Trabalho<\/h4><p>Com lastro no Direito do Trabalho, que rege as rela\u00e7\u00f5es entre empregad...<\/p><a class=\"btn\"  href=\"https:\/\/haefligerelorandi.adv.br\/index.php\/practice-areas\/family-law\/\">Read More<\/a> <\/div><!-- areas-of-practise-item -->\n                                        <\/div>\n\t\t\t\t\t\t\t\t\t\t<\/div>\n\t\t\t\t\t\t\t\t\t\t<\/div>\n\t\t\t\t\t\t\t\t\t\t<\/div>\n\t\t\t\t\t\t\t\t\t\t<\/div><\/div><!-- areas-of-practise -->[\/vc_column][\/vc_row]<\/p>\n","protected":false},"excerpt":{"rendered":"<p>[vc_row full_width=&#8221;stretch_row&#8221; css=&#8221;.vc_custom_1615940226632{margin-top: 0px !important;margin-bottom: 0px !important;padding-top: 70px !important;padding-bottom: 20px !important;background-color: #ffffff !important;}&#8221;][vc_column css=&#8221;.vc_custom_1496743058962{padding-top: 0px !important;padding-bottom: 0px !important;}&#8221;][vc_custom_heading text=&#8221;\u00c1reas de Atua\u00e7\u00e3o&#8221; font_container=&#8221;tag:h1|text_align:center&#8221; use_theme_fonts=&#8221;yes&#8221; css=&#8221;.vc_custom_1615940164444{margin-top: 0px !important;margin-bottom: 20px !important;padding-top: 0px !important;padding-bottom: 0px !important;}&#8221;][vc_single_image image=&#8221;1323&#8243; img_size=&#8221;full&#8221; alignment=&#8221;center&#8221; css=&#8221;.vc_custom_1513055746746{margin-top: 0px !important;margin-bottom: 0px !important;padding-top: 0px !important;padding-bottom: 0px !important;}&#8221;][vc_column_text css=&#8221;.vc_custom_1616461147857{margin-top: 0px !important;margin-bottom: 0px !important;}&#8221; el_class=&#8221;home-welcome-text&#8221;] Com experi\u00eancia jur\u00eddica de quase [&hellip;]<\/p>\n","protected":false},"author":1,"featured_media":1636,"parent":0,"menu_order":0,"comment_status":"closed","ping_status":"closed","template":"","meta":{"footnotes":""},"class_list":["post-1648","page","type-page","status-publish","has-post-thumbnail","hentry"],"_links":{"self":[{"href":"https:\/\/haefligerelorandi.adv.br\/index.php\/wp-json\/wp\/v2\/pages\/1648","targetHints":{"allow":["GET"]}}],"collection":[{"href":"https:\/\/haefligerelorandi.adv.br\/index.php\/wp-json\/wp\/v2\/pages"}],"about":[{"href":"https:\/\/haefligerelorandi.adv.br\/index.php\/wp-json\/wp\/v2\/types\/page"}],"author":[{"embeddable":true,"href":"https:\/\/haefligerelorandi.adv.br\/index.php\/wp-json\/wp\/v2\/users\/1"}],"replies":[{"embeddable":true,"href":"https:\/\/haefligerelorandi.adv.br\/index.php\/wp-json\/wp\/v2\/comments?post=1648"}],"version-history":[{"count":5,"href":"https:\/\/haefligerelorandi.adv.br\/index.php\/wp-json\/wp\/v2\/pages\/1648\/revisions"}],"predecessor-version":[{"id":1681,"href":"https:\/\/haefligerelorandi.adv.br\/index.php\/wp-json\/wp\/v2\/pages\/1648\/revisions\/1681"}],"wp:featuredmedia":[{"embeddable":true,"href":"https:\/\/haefligerelorandi.adv.br\/index.php\/wp-json\/wp\/v2\/media\/1636"}],"wp:attachment":[{"href":"https:\/\/haefligerelorandi.adv.br\/index.php\/wp-json\/wp\/v2\/media?parent=1648"}],"curies":[{"name":"wp","href":"https:\/\/api.w.org\/{rel}","templated":true}]}}